{"id":4115,"date":"2025-10-13T17:22:08","date_gmt":"2025-10-13T17:22:08","guid":{"rendered":"https:\/\/www.caniem.org\/catalogo-venta-derechos\/?post_type=product&#038;p=4115"},"modified":"2025-10-13T17:23:06","modified_gmt":"2025-10-13T17:23:06","slug":"dulces-besos-para-ninos","status":"publish","type":"product","link":"https:\/\/www.caniem.org\/catalogo-venta-derechos\/product\/dulces-besos-para-ninos\/","title":{"rendered":"Dulces besos para ni\u00f1os"},"content":{"rendered":"<p>.<\/p>\n","protected":false},"excerpt":{"rendered":"<table class=\"woocommerce-product-attributes shop_attributes\">\n<tbody>\n<tr class=\"woocommerce-product-attributes-item woocommerce-product-attributes-item--attribute_pa_autor\">\n<th class=\"woocommerce-product-attributes-item__label\">T\u00edtulo<\/th>\n<td class=\"woocommerce-product-attributes-item__value\">Dulces besos para ni\u00f1os<\/td>\n<\/tr>\n<tr class=\"woocommerce-product-attributes-item woocommerce-product-attributes-item--attribute_pa_autor\">\n<th class=\"woocommerce-product-attributes-item__label\">Autor<\/th>\n<td class=\"woocommerce-product-attributes-item__value\">Paulina Abascal<\/td>\n<\/tr>\n<tr class=\"woocommerce-product-attributes-item woocommerce-product-attributes-item--attribute_pa_editorial\">\n<th class=\"woocommerce-product-attributes-item__label\">Editorial<\/th>\n<td class=\"woocommerce-product-attributes-item__value\">Ediciones Larousse<\/td>\n<\/tr>\n<tr class=\"woocommerce-product-attributes-item woocommerce-product-attributes-item--attribute_pa_sello-editorial\">\n<th class=\"woocommerce-product-attributes-item__label\">Sello editorial<\/th>\n<td class=\"woocommerce-product-attributes-item__value\">Larousse<\/td>\n<\/tr>\n<tr class=\"woocommerce-product-attributes-item woocommerce-product-attributes-item--attribute_pa_isbn\">\n<th class=\"woocommerce-product-attributes-item__label\">ISBN<\/th>\n<td class=\"woocommerce-product-attributes-item__value\">9786072115835<\/td>\n<\/tr>\n<tr class=\"woocommerce-product-attributes-item woocommerce-product-attributes-item--attribute_pa_numero-de-edicion\">\n<th class=\"woocommerce-product-attributes-item__label\">N\u00famero de edici\u00f3n<\/th>\n<td class=\"woocommerce-product-attributes-item__value\"><span data-sheets-root=\"1\">1<\/span><\/td>\n<\/tr>\n<tr class=\"woocommerce-product-attributes-item woocommerce-product-attributes-item--attribute_pa_ano-de-publicacion\">\n<th class=\"woocommerce-product-attributes-item__label\">A\u00f1o de publicaci\u00f3n<\/th>\n<td class=\"woocommerce-product-attributes-item__value\">2016<\/td>\n<\/tr>\n<tr class=\"woocommerce-product-attributes-item woocommerce-product-attributes-item--attribute_pa_num-paginas\">\n<th class=\"woocommerce-product-attributes-item__label\">N\u00fam. P\u00e1ginas<\/th>\n<td class=\"woocommerce-product-attributes-item__value\">104<\/td>\n<\/tr>\n<tr class=\"woocommerce-product-attributes-item woocommerce-product-attributes-item--attribute_pa_formato\">\n<th class=\"woocommerce-product-attributes-item__label\">Formato<\/th>\n<td class=\"woocommerce-product-attributes-item__value\">Impreso y digital<\/td>\n<\/tr>\n<tr class=\"woocommerce-product-attributes-item woocommerce-product-attributes-item--attribute_pa_thema\">\n<th class=\"woocommerce-product-attributes-item__label\">Tem\u00e1tica (THEMA) en espa\u00f1ol<\/th>\n<td class=\"woocommerce-product-attributes-item__value\">Cocina para ni\u00f1os\/adolescentes \/ cocinar con ni\u00f1os\/adolescentes<\/td>\n<\/tr>\n<tr class=\"woocommerce-product-attributes-item woocommerce-product-attributes-item--attribute_pa_nombre-del-contacto\">\n<th class=\"woocommerce-product-attributes-item__label\">Sinopsis en espa\u00f1ol<\/th>\n<td class=\"woocommerce-product-attributes-item__value\" style=\"text-align: justify;\">Libro de reposter\u00eda para ni\u00f1os con recetas dulces y saladas, ideales para preparar con supervisi\u00f3n adulta. Incluye galletas, pasteles, panes y m\u00e1s, con distintos niveles de dificultad para todas las edades. Las instrucciones son claras y acompa\u00f1adas de fotograf\u00edas atractivas. Adem\u00e1s, contiene historietas ilustradas protagonizadas por un personaje inspirado en Paulina de ni\u00f1a, fomentando la lectura y la creatividad mientras los peque\u00f1os desarrollan habilidades manuales en la cocina.<\/td>\n<\/tr>\n<tr class=\"woocommerce-product-attributes-item woocommerce-product-attributes-item--attribute_pa_nombre-del-contacto\">\n<th class=\"woocommerce-product-attributes-item__label\">Nombre del contacto de venta de derechos<\/th>\n<td class=\"woocommerce-product-attributes-item__value\">Jorge Ram\u00edrez Ch\u00e1vez \/ Sarah\u00ed Soto<\/td>\n<\/tr>\n<tr class=\"woocommerce-product-attributes-item woocommerce-product-attributes-item--attribute_pa_nombre-del-contacto\">\n<th class=\"woocommerce-product-attributes-item__label\">Correo electr\u00f3nico del contacto<\/th>\n<td class=\"woocommerce-product-attributes-item__value\">pjramirez@hlm.mx; ssoto@hlm.mx<\/td>\n<\/tr>\n<\/tbody>\n<\/table>\n","protected":false},"featured_media":4116,"template":"","meta":{"_coblocks_attr":"","_coblocks_dimensions":"","_coblocks_responsive_height":"","_coblocks_accordion_ie_support":""},"product_cat":[102],"product_tag":[],"_links":{"self":[{"href":"https:\/\/www.caniem.org\/catalogo-venta-derechos\/wp-json\/wp\/v2\/product\/4115"}],"collection":[{"href":"https:\/\/www.caniem.org\/catalogo-venta-derechos\/wp-json\/wp\/v2\/product"}],"about":[{"href":"https:\/\/www.caniem.org\/catalogo-venta-derechos\/wp-json\/wp\/v2\/types\/product"}],"version-history":[{"count":1,"href":"https:\/\/www.caniem.org\/catalogo-venta-derechos\/wp-json\/wp\/v2\/product\/4115\/revisions"}],"predecessor-version":[{"id":4117,"href":"https:\/\/www.caniem.org\/catalogo-venta-derechos\/wp-json\/wp\/v2\/product\/4115\/revisions\/4117"}],"wp:featuredmedia":[{"embeddable":true,"href":"https:\/\/www.caniem.org\/catalogo-venta-derechos\/wp-json\/wp\/v2\/media\/4116"}],"wp:attachment":[{"href":"https:\/\/www.caniem.org\/catalogo-venta-derechos\/wp-json\/wp\/v2\/media?parent=4115"}],"wp:term":[{"taxonomy":"product_cat","embeddable":true,"href":"https:\/\/www.caniem.org\/catalogo-venta-derechos\/wp-json\/wp\/v2\/product_cat?post=4115"},{"taxonomy":"product_tag","embeddable":true,"href":"https:\/\/www.caniem.org\/catalogo-venta-derechos\/wp-json\/wp\/v2\/product_tag?post=4115"}],"curies":[{"name":"wp","href":"https:\/\/api.w.org\/{rel}","templated":true}]}}

Dulces besos para niños

<table class="woocommerce-product-attributes shop_attributes">
<tbody>
<tr class="woocommerce-product-attributes-item woocommerce-product-attributes-item--attribute_pa_autor">
<th class="woocommerce-product-attributes-item__label">Título</th>
<td class="woocommerce-product-attributes-item__value">Dulces besos para niños</td>
</tr>
<tr class="woocommerce-product-attributes-item woocommerce-product-attributes-item--attribute_pa_autor">
<th class="woocommerce-product-attributes-item__label">Autor</th>
<td class="woocommerce-product-attributes-item__value">Paulina Abascal</td>
</tr>
<tr class="woocommerce-product-attributes-item woocommerce-product-attributes-item--attribute_pa_editorial">
<th class="woocommerce-product-attributes-item__label">Editorial</th>
<td class="woocommerce-product-attributes-item__value">Ediciones Larousse</td>
</tr>
<tr class="woocommerce-product-attributes-item woocommerce-product-attributes-item--attribute_pa_sello-editorial">
<th class="woocommerce-product-attributes-item__label">Sello editorial</th>
<td class="woocommerce-product-attributes-item__value">Larousse</td>
</tr>
<tr class="woocommerce-product-attributes-item woocommerce-product-attributes-item--attribute_pa_isbn">
<th class="woocommerce-product-attributes-item__label">ISBN</th>
<td class="woocommerce-product-attributes-item__value">9786072115835</td>
</tr>
<tr class="woocommerce-product-attributes-item woocommerce-product-attributes-item--attribute_pa_numero-de-edicion">
<th class="woocommerce-product-attributes-item__label">Número de edición</th>
<td class="woocommerce-product-attributes-item__value"><span data-sheets-root="1">1</span></td>
</tr>
<tr class="woocommerce-product-attributes-item woocommerce-product-attributes-item--attribute_pa_ano-de-publicacion">
<th class="woocommerce-product-attributes-item__label">Año de publicación</th>
<td class="woocommerce-product-attributes-item__value">2016</td>
</tr>
<tr class="woocommerce-product-attributes-item woocommerce-product-attributes-item--attribute_pa_num-paginas">
<th class="woocommerce-product-attributes-item__label">Núm. Páginas</th>
<td class="woocommerce-product-attributes-item__value">104</td>
</tr>
<tr class="woocommerce-product-attributes-item woocommerce-product-attributes-item--attribute_pa_formato">
<th class="woocommerce-product-attributes-item__label">Formato</th>
<td class="woocommerce-product-attributes-item__value">Impreso y digital</td>
</tr>
<tr class="woocommerce-product-attributes-item woocommerce-product-attributes-item--attribute_pa_thema">
<th class="woocommerce-product-attributes-item__label">Temática (THEMA) en español</th>
<td class="woocommerce-product-attributes-item__value">Cocina para niños/adolescentes / cocinar con niños/adolescentes</td>
</tr>
<tr class="woocommerce-product-attributes-item woocommerce-product-attributes-item--attribute_pa_nombre-del-contacto">
<th class="woocommerce-product-attributes-item__label">Sinopsis en español</th>
<td class="woocommerce-product-attributes-item__value" style="text-align: justify;">Libro de repostería para niños con recetas dulces y saladas, ideales para preparar con supervisión adulta. Incluye galletas, pasteles, panes y más, con distintos niveles de dificultad para todas las edades. Las instrucciones son claras y acompañadas de fotografías atractivas. Además, contiene historietas ilustradas protagonizadas por un personaje inspirado en Paulina de niña, fomentando la lectura y la creatividad mientras los pequeños desarrollan habilidades manuales en la cocina.</td>
</tr>
<tr class="woocommerce-product-attributes-item woocommerce-product-attributes-item--attribute_pa_nombre-del-contacto">
<th class="woocommerce-product-attributes-item__label">Nombre del contacto de venta de derechos</th>
<td class="woocommerce-product-attributes-item__value">Jorge Ramírez Chávez / Sarahí Soto</td>
</tr>
<tr class="woocommerce-product-attributes-item woocommerce-product-attributes-item--attribute_pa_nombre-del-contacto">
<th class="woocommerce-product-attributes-item__label">Correo electrónico del contacto</th>
<td class="woocommerce-product-attributes-item__value">pjramirez@hlm.mx; ssoto@hlm.mx</td>
</tr>
</tbody>
</table>
