{"id":3976,"date":"2025-10-06T18:03:42","date_gmt":"2025-10-06T18:03:42","guid":{"rendered":"https:\/\/www.caniem.org\/catalogo-venta-derechos\/?post_type=product&#038;p=3976"},"modified":"2025-10-06T18:04:47","modified_gmt":"2025-10-06T18:04:47","slug":"la-otra-voz","status":"publish","type":"product","link":"https:\/\/www.caniem.org\/catalogo-venta-derechos\/product\/la-otra-voz\/","title":{"rendered":"La otra voz"},"content":{"rendered":"<p>.<\/p>\n","protected":false},"excerpt":{"rendered":"<table class=\"woocommerce-product-attributes shop_attributes\">\n<tbody>\n<tr class=\"woocommerce-product-attributes-item woocommerce-product-attributes-item--attribute_pa_autor\">\n<th class=\"woocommerce-product-attributes-item__label\">T\u00edtulo<\/th>\n<td class=\"woocommerce-product-attributes-item__value\">La otra voz<\/td>\n<\/tr>\n<tr class=\"woocommerce-product-attributes-item woocommerce-product-attributes-item--attribute_pa_autor\">\n<th class=\"woocommerce-product-attributes-item__label\">Autor<\/th>\n<td class=\"woocommerce-product-attributes-item__value\">Zaida R\u00edos<\/td>\n<\/tr>\n<tr class=\"woocommerce-product-attributes-item woocommerce-product-attributes-item--attribute_pa_editorial\">\n<th class=\"woocommerce-product-attributes-item__label\">Editorial<\/th>\n<td class=\"woocommerce-product-attributes-item__value\">Hachette M\u00e9xico<\/td>\n<\/tr>\n<tr class=\"woocommerce-product-attributes-item woocommerce-product-attributes-item--attribute_pa_sello-editorial\">\n<th class=\"woocommerce-product-attributes-item__label\">Sello editorial<\/th>\n<td class=\"woocommerce-product-attributes-item__value\">Hachette M\u00e9xico<\/td>\n<\/tr>\n<tr class=\"woocommerce-product-attributes-item woocommerce-product-attributes-item--attribute_pa_isbn\">\n<th class=\"woocommerce-product-attributes-item__label\">ISBN<\/th>\n<td class=\"woocommerce-product-attributes-item__value\">9786075745763<\/td>\n<\/tr>\n<tr class=\"woocommerce-product-attributes-item woocommerce-product-attributes-item--attribute_pa_numero-de-edicion\">\n<th class=\"woocommerce-product-attributes-item__label\">N\u00famero de edici\u00f3n<\/th>\n<td class=\"woocommerce-product-attributes-item__value\"><span data-sheets-root=\"1\">1<\/span><\/td>\n<\/tr>\n<tr class=\"woocommerce-product-attributes-item woocommerce-product-attributes-item--attribute_pa_ano-de-publicacion\">\n<th class=\"woocommerce-product-attributes-item__label\">A\u00f1o de publicaci\u00f3n<\/th>\n<td class=\"woocommerce-product-attributes-item__value\">2024<\/td>\n<\/tr>\n<tr class=\"woocommerce-product-attributes-item woocommerce-product-attributes-item--attribute_pa_num-paginas\">\n<th class=\"woocommerce-product-attributes-item__label\">N\u00fam. P\u00e1ginas<\/th>\n<td class=\"woocommerce-product-attributes-item__value\">384<\/td>\n<\/tr>\n<tr class=\"woocommerce-product-attributes-item woocommerce-product-attributes-item--attribute_pa_formato\">\n<th class=\"woocommerce-product-attributes-item__label\">Formato<\/th>\n<td class=\"woocommerce-product-attributes-item__value\">Impreso y digital<\/td>\n<\/tr>\n<tr class=\"woocommerce-product-attributes-item woocommerce-product-attributes-item--attribute_pa_thema\">\n<th class=\"woocommerce-product-attributes-item__label\">Tem\u00e1tica (THEMA) en espa\u00f1ol<\/th>\n<td class=\"woocommerce-product-attributes-item__value\">Terror contempor\u00e1neo, historias de fantasmas y ficci\u00f3n sobrenatural<\/td>\n<\/tr>\n<tr class=\"woocommerce-product-attributes-item woocommerce-product-attributes-item--attribute_pa_nombre-del-contacto\">\n<th class=\"woocommerce-product-attributes-item__label\">Sinopsis en espa\u00f1ol<\/th>\n<td class=\"woocommerce-product-attributes-item__value\" style=\"text-align: justify;\">La otra voz es una novela que sigue la historia de Azul, un ni\u00f1o nacido en una rancher\u00eda aislada en la sierra, con la habilidad de escuchar las almas de las personas. Crece atrapado por la miseria, el miedo y las supersticiones, y se ve forzado a separarse de su hermano Nicol\u00e1s. A\u00f1os despu\u00e9s, con el peso de la culpa y la amenaza constante, regresa en busca de redenci\u00f3n, dispuesto a enfrentar un destino mortal. En un viaje lleno de misterio, fantasmas y pruebas de amor y lealtad, Azul lucha por encontrar un lugar al que realmente pertenecer.<\/td>\n<\/tr>\n<tr class=\"woocommerce-product-attributes-item woocommerce-product-attributes-item--attribute_pa_nombre-del-contacto\">\n<th class=\"woocommerce-product-attributes-item__label\">Nombre del contacto de venta de derechos<\/th>\n<td class=\"woocommerce-product-attributes-item__value\">Jorge Ram\u00edrez Ch\u00e1vez \/ Sarah\u00ed Soto<\/td>\n<\/tr>\n<tr class=\"woocommerce-product-attributes-item woocommerce-product-attributes-item--attribute_pa_nombre-del-contacto\">\n<th class=\"woocommerce-product-attributes-item__label\">Correo electr\u00f3nico del contacto<\/th>\n<td class=\"woocommerce-product-attributes-item__value\">pjramirez@hlm.mx; ssoto@hlm.mx<\/td>\n<\/tr>\n<\/tbody>\n<\/table>\n","protected":false},"featured_media":3977,"template":"","meta":{"_coblocks_attr":"","_coblocks_dimensions":"","_coblocks_responsive_height":"","_coblocks_accordion_ie_support":""},"product_cat":[100],"product_tag":[],"_links":{"self":[{"href":"https:\/\/www.caniem.org\/catalogo-venta-derechos\/wp-json\/wp\/v2\/product\/3976"}],"collection":[{"href":"https:\/\/www.caniem.org\/catalogo-venta-derechos\/wp-json\/wp\/v2\/product"}],"about":[{"href":"https:\/\/www.caniem.org\/catalogo-venta-derechos\/wp-json\/wp\/v2\/types\/product"}],"version-history":[{"count":1,"href":"https:\/\/www.caniem.org\/catalogo-venta-derechos\/wp-json\/wp\/v2\/product\/3976\/revisions"}],"predecessor-version":[{"id":3978,"href":"https:\/\/www.caniem.org\/catalogo-venta-derechos\/wp-json\/wp\/v2\/product\/3976\/revisions\/3978"}],"wp:featuredmedia":[{"embeddable":true,"href":"https:\/\/www.caniem.org\/catalogo-venta-derechos\/wp-json\/wp\/v2\/media\/3977"}],"wp:attachment":[{"href":"https:\/\/www.caniem.org\/catalogo-venta-derechos\/wp-json\/wp\/v2\/media?parent=3976"}],"wp:term":[{"taxonomy":"product_cat","embeddable":true,"href":"https:\/\/www.caniem.org\/catalogo-venta-derechos\/wp-json\/wp\/v2\/product_cat?post=3976"},{"taxonomy":"product_tag","embeddable":true,"href":"https:\/\/www.caniem.org\/catalogo-venta-derechos\/wp-json\/wp\/v2\/product_tag?post=3976"}],"curies":[{"name":"wp","href":"https:\/\/api.w.org\/{rel}","templated":true}]}}

<table class="woocommerce-product-attributes shop_attributes">
<tbody>
<tr class="woocommerce-product-attributes-item woocommerce-product-attributes-item--attribute_pa_autor">
<th class="woocommerce-product-attributes-item__label">Título</th>
<td class="woocommerce-product-attributes-item__value">La otra voz</td>
</tr>
<tr class="woocommerce-product-attributes-item woocommerce-product-attributes-item--attribute_pa_autor">
<th class="woocommerce-product-attributes-item__label">Autor</th>
<td class="woocommerce-product-attributes-item__value">Zaida Ríos</td>
</tr>
<tr class="woocommerce-product-attributes-item woocommerce-product-attributes-item--attribute_pa_editorial">
<th class="woocommerce-product-attributes-item__label">Editorial</th>
<td class="woocommerce-product-attributes-item__value">Hachette México</td>
</tr>
<tr class="woocommerce-product-attributes-item woocommerce-product-attributes-item--attribute_pa_sello-editorial">
<th class="woocommerce-product-attributes-item__label">Sello editorial</th>
<td class="woocommerce-product-attributes-item__value">Hachette México</td>
</tr>
<tr class="woocommerce-product-attributes-item woocommerce-product-attributes-item--attribute_pa_isbn">
<th class="woocommerce-product-attributes-item__label">ISBN</th>
<td class="woocommerce-product-attributes-item__value">9786075745763</td>
</tr>
<tr class="woocommerce-product-attributes-item woocommerce-product-attributes-item--attribute_pa_numero-de-edicion">
<th class="woocommerce-product-attributes-item__label">Número de edición</th>
<td class="woocommerce-product-attributes-item__value"><span data-sheets-root="1">1</span></td>
</tr>
<tr class="woocommerce-product-attributes-item woocommerce-product-attributes-item--attribute_pa_ano-de-publicacion">
<th class="woocommerce-product-attributes-item__label">Año de publicación</th>
<td class="woocommerce-product-attributes-item__value">2024</td>
</tr>
<tr class="woocommerce-product-attributes-item woocommerce-product-attributes-item--attribute_pa_num-paginas">
<th class="woocommerce-product-attributes-item__label">Núm. Páginas</th>
<td class="woocommerce-product-attributes-item__value">384</td>
</tr>
<tr class="woocommerce-product-attributes-item woocommerce-product-attributes-item--attribute_pa_formato">
<th class="woocommerce-product-attributes-item__label">Formato</th>
<td class="woocommerce-product-attributes-item__value">Impreso y digital</td>
</tr>
<tr class="woocommerce-product-attributes-item woocommerce-product-attributes-item--attribute_pa_thema">
<th class="woocommerce-product-attributes-item__label">Temática (THEMA) en español</th>
<td class="woocommerce-product-attributes-item__value">Terror contemporáneo, historias de fantasmas y ficción sobrenatural</td>
</tr>
<tr class="woocommerce-product-attributes-item woocommerce-product-attributes-item--attribute_pa_nombre-del-contacto">
<th class="woocommerce-product-attributes-item__label">Sinopsis en español</th>
<td class="woocommerce-product-attributes-item__value" style="text-align: justify;">La otra voz es una novela que sigue la historia de Azul, un niño nacido en una ranchería aislada en la sierra, con la habilidad de escuchar las almas de las personas. Crece atrapado por la miseria, el miedo y las supersticiones, y se ve forzado a separarse de su hermano Nicolás. Años después, con el peso de la culpa y la amenaza constante, regresa en busca de redención, dispuesto a enfrentar un destino mortal. En un viaje lleno de misterio, fantasmas y pruebas de amor y lealtad, Azul lucha por encontrar un lugar al que realmente pertenecer.</td>
</tr>
<tr class="woocommerce-product-attributes-item woocommerce-product-attributes-item--attribute_pa_nombre-del-contacto">
<th class="woocommerce-product-attributes-item__label">Nombre del contacto de venta de derechos</th>
<td class="woocommerce-product-attributes-item__value">Jorge Ramírez Chávez / Sarahí Soto</td>
</tr>
<tr class="woocommerce-product-attributes-item woocommerce-product-attributes-item--attribute_pa_nombre-del-contacto">
<th class="woocommerce-product-attributes-item__label">Correo electrónico del contacto</th>
<td class="woocommerce-product-attributes-item__value">pjramirez@hlm.mx; ssoto@hlm.mx</td>
</tr>
</tbody>
</table>
