{"id":3951,"date":"2025-10-06T17:45:52","date_gmt":"2025-10-06T17:45:52","guid":{"rendered":"https:\/\/www.caniem.org\/catalogo-venta-derechos\/?post_type=product&#038;p=3951"},"modified":"2025-10-06T17:46:50","modified_gmt":"2025-10-06T17:46:50","slug":"mexicanas-que-hicieron-historia","status":"publish","type":"product","link":"https:\/\/www.caniem.org\/catalogo-venta-derechos\/product\/mexicanas-que-hicieron-historia\/","title":{"rendered":"Mexicanas que hicieron historia"},"content":{"rendered":"<p>.<\/p>\n","protected":false},"excerpt":{"rendered":"<table class=\"woocommerce-product-attributes shop_attributes\">\n<tbody>\n<tr class=\"woocommerce-product-attributes-item woocommerce-product-attributes-item--attribute_pa_autor\">\n<th class=\"woocommerce-product-attributes-item__label\">T\u00edtulo<\/th>\n<td class=\"woocommerce-product-attributes-item__value\">Mexicanas que hicieron historia<\/td>\n<\/tr>\n<tr class=\"woocommerce-product-attributes-item woocommerce-product-attributes-item--attribute_pa_autor\">\n<th class=\"woocommerce-product-attributes-item__label\">Autor<\/th>\n<td class=\"woocommerce-product-attributes-item__value\">Pedro Jos\u00e9 Fern\u00e1ndez<\/td>\n<\/tr>\n<tr class=\"woocommerce-product-attributes-item woocommerce-product-attributes-item--attribute_pa_editorial\">\n<th class=\"woocommerce-product-attributes-item__label\">Editorial<\/th>\n<td class=\"woocommerce-product-attributes-item__value\">Hachette M\u00e9xico<\/td>\n<\/tr>\n<tr class=\"woocommerce-product-attributes-item woocommerce-product-attributes-item--attribute_pa_sello-editorial\">\n<th class=\"woocommerce-product-attributes-item__label\">Sello editorial<\/th>\n<td class=\"woocommerce-product-attributes-item__value\">Hachette M\u00e9xico<\/td>\n<\/tr>\n<tr class=\"woocommerce-product-attributes-item woocommerce-product-attributes-item--attribute_pa_isbn\">\n<th class=\"woocommerce-product-attributes-item__label\">ISBN<\/th>\n<td class=\"woocommerce-product-attributes-item__value\">9786075744667<\/td>\n<\/tr>\n<tr class=\"woocommerce-product-attributes-item woocommerce-product-attributes-item--attribute_pa_numero-de-edicion\">\n<th class=\"woocommerce-product-attributes-item__label\">N\u00famero de edici\u00f3n<\/th>\n<td class=\"woocommerce-product-attributes-item__value\"><span data-sheets-root=\"1\">1<\/span><\/td>\n<\/tr>\n<tr class=\"woocommerce-product-attributes-item woocommerce-product-attributes-item--attribute_pa_ano-de-publicacion\">\n<th class=\"woocommerce-product-attributes-item__label\">A\u00f1o de publicaci\u00f3n<\/th>\n<td class=\"woocommerce-product-attributes-item__value\">2024<\/td>\n<\/tr>\n<tr class=\"woocommerce-product-attributes-item woocommerce-product-attributes-item--attribute_pa_num-paginas\">\n<th class=\"woocommerce-product-attributes-item__label\">N\u00fam. P\u00e1ginas<\/th>\n<td class=\"woocommerce-product-attributes-item__value\">328<\/td>\n<\/tr>\n<tr class=\"woocommerce-product-attributes-item woocommerce-product-attributes-item--attribute_pa_formato\">\n<th class=\"woocommerce-product-attributes-item__label\">Formato<\/th>\n<td class=\"woocommerce-product-attributes-item__value\">Impreso y digital<\/td>\n<\/tr>\n<tr class=\"woocommerce-product-attributes-item woocommerce-product-attributes-item--attribute_pa_thema\">\n<th class=\"woocommerce-product-attributes-item__label\">Tem\u00e1tica (THEMA) en espa\u00f1ol<\/th>\n<td class=\"woocommerce-product-attributes-item__value\">Infantil \/ Juvenil, inter\u00e9s general: biograf\u00edas y autobiograf\u00edas<\/td>\n<\/tr>\n<tr class=\"woocommerce-product-attributes-item woocommerce-product-attributes-item--attribute_pa_nombre-del-contacto\">\n<th class=\"woocommerce-product-attributes-item__label\">Sinopsis en espa\u00f1ol<\/th>\n<td class=\"woocommerce-product-attributes-item__value\" style=\"text-align: justify;\">Mexicanas que hicieron historia es una edici\u00f3n especial ilustrada que re\u00fane las vidas de 50 mujeres destacadas de M\u00e9xico. Con textos ampliados y nuevas ilustraciones, el libro invita a conocer su infancia, juventud y logros en \u00e1reas como la literatura, la pol\u00edtica, la ciencia, el arte y la lucha social. Una celebraci\u00f3n de la fuerza, el talento y la huella que estas mexicanas han dejado a lo largo del tiempo.<\/td>\n<\/tr>\n<tr class=\"woocommerce-product-attributes-item woocommerce-product-attributes-item--attribute_pa_nombre-del-contacto\">\n<th class=\"woocommerce-product-attributes-item__label\">Nombre del contacto de venta de derechos<\/th>\n<td class=\"woocommerce-product-attributes-item__value\">Jorge Ram\u00edrez Ch\u00e1vez \/ Sarah\u00ed Soto<\/td>\n<\/tr>\n<tr class=\"woocommerce-product-attributes-item woocommerce-product-attributes-item--attribute_pa_nombre-del-contacto\">\n<th class=\"woocommerce-product-attributes-item__label\">Correo electr\u00f3nico del contacto<\/th>\n<td class=\"woocommerce-product-attributes-item__value\">pjramirez@hlm.mx; ssoto@hlm.mx<\/td>\n<\/tr>\n<\/tbody>\n<\/table>\n","protected":false},"featured_media":3952,"template":"","meta":{"_coblocks_attr":"","_coblocks_dimensions":"","_coblocks_responsive_height":"","_coblocks_accordion_ie_support":""},"product_cat":[100],"product_tag":[],"_links":{"self":[{"href":"https:\/\/www.caniem.org\/catalogo-venta-derechos\/wp-json\/wp\/v2\/product\/3951"}],"collection":[{"href":"https:\/\/www.caniem.org\/catalogo-venta-derechos\/wp-json\/wp\/v2\/product"}],"about":[{"href":"https:\/\/www.caniem.org\/catalogo-venta-derechos\/wp-json\/wp\/v2\/types\/product"}],"version-history":[{"count":1,"href":"https:\/\/www.caniem.org\/catalogo-venta-derechos\/wp-json\/wp\/v2\/product\/3951\/revisions"}],"predecessor-version":[{"id":3953,"href":"https:\/\/www.caniem.org\/catalogo-venta-derechos\/wp-json\/wp\/v2\/product\/3951\/revisions\/3953"}],"wp:featuredmedia":[{"embeddable":true,"href":"https:\/\/www.caniem.org\/catalogo-venta-derechos\/wp-json\/wp\/v2\/media\/3952"}],"wp:attachment":[{"href":"https:\/\/www.caniem.org\/catalogo-venta-derechos\/wp-json\/wp\/v2\/media?parent=3951"}],"wp:term":[{"taxonomy":"product_cat","embeddable":true,"href":"https:\/\/www.caniem.org\/catalogo-venta-derechos\/wp-json\/wp\/v2\/product_cat?post=3951"},{"taxonomy":"product_tag","embeddable":true,"href":"https:\/\/www.caniem.org\/catalogo-venta-derechos\/wp-json\/wp\/v2\/product_tag?post=3951"}],"curies":[{"name":"wp","href":"https:\/\/api.w.org\/{rel}","templated":true}]}}

<table class="woocommerce-product-attributes shop_attributes">
<tbody>
<tr class="woocommerce-product-attributes-item woocommerce-product-attributes-item--attribute_pa_autor">
<th class="woocommerce-product-attributes-item__label">Título</th>
<td class="woocommerce-product-attributes-item__value">Mexicanas que hicieron historia</td>
</tr>
<tr class="woocommerce-product-attributes-item woocommerce-product-attributes-item--attribute_pa_autor">
<th class="woocommerce-product-attributes-item__label">Autor</th>
<td class="woocommerce-product-attributes-item__value">Pedro José Fernández</td>
</tr>
<tr class="woocommerce-product-attributes-item woocommerce-product-attributes-item--attribute_pa_editorial">
<th class="woocommerce-product-attributes-item__label">Editorial</th>
<td class="woocommerce-product-attributes-item__value">Hachette México</td>
</tr>
<tr class="woocommerce-product-attributes-item woocommerce-product-attributes-item--attribute_pa_sello-editorial">
<th class="woocommerce-product-attributes-item__label">Sello editorial</th>
<td class="woocommerce-product-attributes-item__value">Hachette México</td>
</tr>
<tr class="woocommerce-product-attributes-item woocommerce-product-attributes-item--attribute_pa_isbn">
<th class="woocommerce-product-attributes-item__label">ISBN</th>
<td class="woocommerce-product-attributes-item__value">9786075744667</td>
</tr>
<tr class="woocommerce-product-attributes-item woocommerce-product-attributes-item--attribute_pa_numero-de-edicion">
<th class="woocommerce-product-attributes-item__label">Número de edición</th>
<td class="woocommerce-product-attributes-item__value"><span data-sheets-root="1">1</span></td>
</tr>
<tr class="woocommerce-product-attributes-item woocommerce-product-attributes-item--attribute_pa_ano-de-publicacion">
<th class="woocommerce-product-attributes-item__label">Año de publicación</th>
<td class="woocommerce-product-attributes-item__value">2024</td>
</tr>
<tr class="woocommerce-product-attributes-item woocommerce-product-attributes-item--attribute_pa_num-paginas">
<th class="woocommerce-product-attributes-item__label">Núm. Páginas</th>
<td class="woocommerce-product-attributes-item__value">328</td>
</tr>
<tr class="woocommerce-product-attributes-item woocommerce-product-attributes-item--attribute_pa_formato">
<th class="woocommerce-product-attributes-item__label">Formato</th>
<td class="woocommerce-product-attributes-item__value">Impreso y digital</td>
</tr>
<tr class="woocommerce-product-attributes-item woocommerce-product-attributes-item--attribute_pa_thema">
<th class="woocommerce-product-attributes-item__label">Temática (THEMA) en español</th>
<td class="woocommerce-product-attributes-item__value">Infantil / Juvenil, interés general: biografías y autobiografías</td>
</tr>
<tr class="woocommerce-product-attributes-item woocommerce-product-attributes-item--attribute_pa_nombre-del-contacto">
<th class="woocommerce-product-attributes-item__label">Sinopsis en español</th>
<td class="woocommerce-product-attributes-item__value" style="text-align: justify;">Mexicanas que hicieron historia es una edición especial ilustrada que reúne las vidas de 50 mujeres destacadas de México. Con textos ampliados y nuevas ilustraciones, el libro invita a conocer su infancia, juventud y logros en áreas como la literatura, la política, la ciencia, el arte y la lucha social. Una celebración de la fuerza, el talento y la huella que estas mexicanas han dejado a lo largo del tiempo.</td>
</tr>
<tr class="woocommerce-product-attributes-item woocommerce-product-attributes-item--attribute_pa_nombre-del-contacto">
<th class="woocommerce-product-attributes-item__label">Nombre del contacto de venta de derechos</th>
<td class="woocommerce-product-attributes-item__value">Jorge Ramírez Chávez / Sarahí Soto</td>
</tr>
<tr class="woocommerce-product-attributes-item woocommerce-product-attributes-item--attribute_pa_nombre-del-contacto">
<th class="woocommerce-product-attributes-item__label">Correo electrónico del contacto</th>
<td class="woocommerce-product-attributes-item__value">pjramirez@hlm.mx; ssoto@hlm.mx</td>
</tr>
</tbody>
</table>
