{"id":3290,"date":"2025-03-09T23:09:05","date_gmt":"2025-03-09T23:09:05","guid":{"rendered":"https:\/\/www.caniem.org\/catalogo-venta-derechos\/?post_type=product&#038;p=3290"},"modified":"2025-03-09T23:10:13","modified_gmt":"2025-03-09T23:10:13","slug":"soy-quien-decido-ser","status":"publish","type":"product","link":"https:\/\/www.caniem.org\/catalogo-venta-derechos\/product\/soy-quien-decido-ser\/","title":{"rendered":"Soy quien decido ser"},"content":{"rendered":"<p>.<\/p>\n","protected":false},"excerpt":{"rendered":"<table class=\"woocommerce-product-attributes shop_attributes\">\n<tbody>\n<tr class=\"woocommerce-product-attributes-item woocommerce-product-attributes-item--attribute_pa_autor\">\n<th class=\"woocommerce-product-attributes-item__label\">T\u00edtulo<\/th>\n<td class=\"woocommerce-product-attributes-item__value\"><span data-sheets-root=\"1\">Soy quien decido ser<\/span><\/td>\n<\/tr>\n<tr class=\"woocommerce-product-attributes-item woocommerce-product-attributes-item--attribute_pa_autor\">\n<th class=\"woocommerce-product-attributes-item__label\">Autor<\/th>\n<td class=\"woocommerce-product-attributes-item__value\"><span data-sheets-root=\"1\">Maximiliano Rivadeneyra; Jimena Est\u00edbaliz<\/span><\/td>\n<\/tr>\n<tr class=\"woocommerce-product-attributes-item woocommerce-product-attributes-item--attribute_pa_editorial\">\n<th class=\"woocommerce-product-attributes-item__label\">Editorial<\/th>\n<td class=\"woocommerce-product-attributes-item__value\"><span data-sheets-root=\"1\">Ediciones El Naranjo<\/span><\/td>\n<\/tr>\n<tr class=\"woocommerce-product-attributes-item woocommerce-product-attributes-item--attribute_pa_sello-editorial\">\n<th class=\"woocommerce-product-attributes-item__label\">Sello editorial<\/th>\n<td class=\"woocommerce-product-attributes-item__value\"><span data-sheets-root=\"1\">Ediciones El Naranjo<\/span><\/td>\n<\/tr>\n<tr class=\"woocommerce-product-attributes-item woocommerce-product-attributes-item--attribute_pa_isbn\">\n<th class=\"woocommerce-product-attributes-item__label\">ISBN<\/th>\n<td class=\"woocommerce-product-attributes-item__value\"><span data-sheets-root=\"1\">9786078807710<\/span><\/td>\n<\/tr>\n<tr class=\"woocommerce-product-attributes-item woocommerce-product-attributes-item--attribute_pa_numero-de-edicion\">\n<th class=\"woocommerce-product-attributes-item__label\">N\u00famero de edici\u00f3n<\/th>\n<td class=\"woocommerce-product-attributes-item__value\"><span data-sheets-root=\"1\">1<\/span><\/td>\n<\/tr>\n<tr class=\"woocommerce-product-attributes-item woocommerce-product-attributes-item--attribute_pa_ano-de-publicacion\">\n<th class=\"woocommerce-product-attributes-item__label\">A\u00f1o de publicaci\u00f3n<\/th>\n<td class=\"woocommerce-product-attributes-item__value\"><span data-sheets-root=\"1\">2024<\/span><\/td>\n<\/tr>\n<tr class=\"woocommerce-product-attributes-item woocommerce-product-attributes-item--attribute_pa_num-paginas\">\n<th class=\"woocommerce-product-attributes-item__label\">N\u00fam. P\u00e1ginas<\/th>\n<td class=\"woocommerce-product-attributes-item__value\"><span data-sheets-root=\"1\">24<\/span><\/td>\n<\/tr>\n<tr class=\"woocommerce-product-attributes-item woocommerce-product-attributes-item--attribute_pa_formato\">\n<th class=\"woocommerce-product-attributes-item__label\">Formato<\/th>\n<td class=\"woocommerce-product-attributes-item__value\">Impreso<\/td>\n<\/tr>\n<tr class=\"woocommerce-product-attributes-item woocommerce-product-attributes-item--attribute_pa_thema\">\n<th class=\"woocommerce-product-attributes-item__label\">Tem\u00e1tica (THEMA) en espa\u00f1ol<\/th>\n<td class=\"woocommerce-product-attributes-item__value\"><span data-sheets-root=\"1\">Adolescentes, adultos j\u00f3venes, j\u00f3venes, ni\u00f1os, juveniles, preadolescentes<\/span><\/td>\n<\/tr>\n<tr class=\"woocommerce-product-attributes-item woocommerce-product-attributes-item--attribute_pa_nombre-del-contacto\">\n<th class=\"woocommerce-product-attributes-item__label\">Sinopsis en espa\u00f1ol<\/th>\n<td class=\"woocommerce-product-attributes-item__value\" style=\"text-align: justify;\"><span data-sheets-root=\"1\">Un libro para peque\u00f1os que nos habla sobre lo hermosos y universales que pueden ser los sue\u00f1os, pero tambi\u00e9n de la posibilidad de luchar por ellos y realizarlos. La historia nos dice que cuando cierro los ojos, soy un gigante; soy capaz de tocar la luna; no me da miedo nada; soy el m\u00e1s intr\u00e9pido aventurero; puedo recorrer los siete mares; adentrarme en los pantanos; soy un superh\u00e9roe; el m\u00e1s grande bailar\u00edn o superestrella de rock. En corto, cuando cierro los ojos, puedo hacer magia\u2026<\/span><\/td>\n<\/tr>\n<tr class=\"woocommerce-product-attributes-item woocommerce-product-attributes-item--attribute_pa_nombre-del-contacto\">\n<th class=\"woocommerce-product-attributes-item__label\">Nombre del contacto de venta de derechos<\/th>\n<td class=\"woocommerce-product-attributes-item__value\"><span data-sheets-root=\"1\">Paulina Delgado<\/span><\/td>\n<\/tr>\n<tr class=\"woocommerce-product-attributes-item woocommerce-product-attributes-item--attribute_pa_nombre-del-contacto\">\n<th class=\"woocommerce-product-attributes-item__label\">Correo electr\u00f3nico del contacto<\/th>\n<td class=\"woocommerce-product-attributes-item__value\"><span data-sheets-root=\"1\">pdelgado@edicioneselnaranjo.com.mx<\/span><\/td>\n<\/tr>\n<\/tbody>\n<\/table>\n","protected":false},"featured_media":3291,"template":"","meta":{"_coblocks_attr":"","_coblocks_dimensions":"","_coblocks_responsive_height":"","_coblocks_accordion_ie_support":""},"product_cat":[73],"product_tag":[],"_links":{"self":[{"href":"https:\/\/www.caniem.org\/catalogo-venta-derechos\/wp-json\/wp\/v2\/product\/3290"}],"collection":[{"href":"https:\/\/www.caniem.org\/catalogo-venta-derechos\/wp-json\/wp\/v2\/product"}],"about":[{"href":"https:\/\/www.caniem.org\/catalogo-venta-derechos\/wp-json\/wp\/v2\/types\/product"}],"version-history":[{"count":1,"href":"https:\/\/www.caniem.org\/catalogo-venta-derechos\/wp-json\/wp\/v2\/product\/3290\/revisions"}],"predecessor-version":[{"id":3292,"href":"https:\/\/www.caniem.org\/catalogo-venta-derechos\/wp-json\/wp\/v2\/product\/3290\/revisions\/3292"}],"wp:featuredmedia":[{"embeddable":true,"href":"https:\/\/www.caniem.org\/catalogo-venta-derechos\/wp-json\/wp\/v2\/media\/3291"}],"wp:attachment":[{"href":"https:\/\/www.caniem.org\/catalogo-venta-derechos\/wp-json\/wp\/v2\/media?parent=3290"}],"wp:term":[{"taxonomy":"product_cat","embeddable":true,"href":"https:\/\/www.caniem.org\/catalogo-venta-derechos\/wp-json\/wp\/v2\/product_cat?post=3290"},{"taxonomy":"product_tag","embeddable":true,"href":"https:\/\/www.caniem.org\/catalogo-venta-derechos\/wp-json\/wp\/v2\/product_tag?post=3290"}],"curies":[{"name":"wp","href":"https:\/\/api.w.org\/{rel}","templated":true}]}}

<table class="woocommerce-product-attributes shop_attributes">
<tbody>
<tr class="woocommerce-product-attributes-item woocommerce-product-attributes-item--attribute_pa_autor">
<th class="woocommerce-product-attributes-item__label">Título</th>
<td class="woocommerce-product-attributes-item__value"><span data-sheets-root="1">Soy quien decido ser</span></td>
</tr>
<tr class="woocommerce-product-attributes-item woocommerce-product-attributes-item--attribute_pa_autor">
<th class="woocommerce-product-attributes-item__label">Autor</th>
<td class="woocommerce-product-attributes-item__value"><span data-sheets-root="1">Maximiliano Rivadeneyra; Jimena Estíbaliz</span></td>
</tr>
<tr class="woocommerce-product-attributes-item woocommerce-product-attributes-item--attribute_pa_editorial">
<th class="woocommerce-product-attributes-item__label">Editorial</th>
<td class="woocommerce-product-attributes-item__value"><span data-sheets-root="1">Ediciones El Naranjo</span></td>
</tr>
<tr class="woocommerce-product-attributes-item woocommerce-product-attributes-item--attribute_pa_sello-editorial">
<th class="woocommerce-product-attributes-item__label">Sello editorial</th>
<td class="woocommerce-product-attributes-item__value"><span data-sheets-root="1">Ediciones El Naranjo</span></td>
</tr>
<tr class="woocommerce-product-attributes-item woocommerce-product-attributes-item--attribute_pa_isbn">
<th class="woocommerce-product-attributes-item__label">ISBN</th>
<td class="woocommerce-product-attributes-item__value"><span data-sheets-root="1">9786078807710</span></td>
</tr>
<tr class="woocommerce-product-attributes-item woocommerce-product-attributes-item--attribute_pa_numero-de-edicion">
<th class="woocommerce-product-attributes-item__label">Número de edición</th>
<td class="woocommerce-product-attributes-item__value"><span data-sheets-root="1">1</span></td>
</tr>
<tr class="woocommerce-product-attributes-item woocommerce-product-attributes-item--attribute_pa_ano-de-publicacion">
<th class="woocommerce-product-attributes-item__label">Año de publicación</th>
<td class="woocommerce-product-attributes-item__value"><span data-sheets-root="1">2024</span></td>
</tr>
<tr class="woocommerce-product-attributes-item woocommerce-product-attributes-item--attribute_pa_num-paginas">
<th class="woocommerce-product-attributes-item__label">Núm. Páginas</th>
<td class="woocommerce-product-attributes-item__value"><span data-sheets-root="1">24</span></td>
</tr>
<tr class="woocommerce-product-attributes-item woocommerce-product-attributes-item--attribute_pa_formato">
<th class="woocommerce-product-attributes-item__label">Formato</th>
<td class="woocommerce-product-attributes-item__value">Impreso</td>
</tr>
<tr class="woocommerce-product-attributes-item woocommerce-product-attributes-item--attribute_pa_thema">
<th class="woocommerce-product-attributes-item__label">Temática (THEMA) en español</th>
<td class="woocommerce-product-attributes-item__value"><span data-sheets-root="1">Adolescentes, adultos jóvenes, jóvenes, niños, juveniles, preadolescentes</span></td>
</tr>
<tr class="woocommerce-product-attributes-item woocommerce-product-attributes-item--attribute_pa_nombre-del-contacto">
<th class="woocommerce-product-attributes-item__label">Sinopsis en español</th>
<td class="woocommerce-product-attributes-item__value" style="text-align: justify;"><span data-sheets-root="1">Un libro para pequeños que nos habla sobre lo hermosos y universales que pueden ser los sueños, pero también de la posibilidad de luchar por ellos y realizarlos. La historia nos dice que cuando cierro los ojos, soy un gigante; soy capaz de tocar la luna; no me da miedo nada; soy el más intrépido aventurero; puedo recorrer los siete mares; adentrarme en los pantanos; soy un superhéroe; el más grande bailarín o superestrella de rock. En corto, cuando cierro los ojos, puedo hacer magia…</span></td>
</tr>
<tr class="woocommerce-product-attributes-item woocommerce-product-attributes-item--attribute_pa_nombre-del-contacto">
<th class="woocommerce-product-attributes-item__label">Nombre del contacto de venta de derechos</th>
<td class="woocommerce-product-attributes-item__value"><span data-sheets-root="1">Paulina Delgado</span></td>
</tr>
<tr class="woocommerce-product-attributes-item woocommerce-product-attributes-item--attribute_pa_nombre-del-contacto">
<th class="woocommerce-product-attributes-item__label">Correo electrónico del contacto</th>
<td class="woocommerce-product-attributes-item__value"><span data-sheets-root="1">pdelgado@edicioneselnaranjo.com.mx</span></td>
</tr>
</tbody>
</table>
